21?
3357524
In base 7, what is -602 + -21132?
-22034
In base 6, what is 105244 - -4144?
113432
In base 11, what is 189a57a8 + 3?
189a5800
In base 9, what is 21031 - -12274?
33315
In base 11, what is 41 - -15879a?
158830
In base 2, what is 1110001100101101001110000 + -1110?
1110001100101101001100010
In base 3, what is 1111201 + 212011012?
220122220
In base 4, what is -100221103 + -1310113?
-102131222
In base 5, what is -434141212 + 4?
-434141203
In base 13, what is -80 + 70a81?
70a01
In base 12, what is -12 - -1253588?
1253576
In base 14, what is -2249 + adc6?
8b7b
In base 4, what is -320100213220 - 11?
-320100213231
In base 12, what is -25265266 + -4?
-2526526a
In base 12, what is 918 - 18227?
-1750b
In base 3, what is 1 + -1202102200110002?
-1202102200110001
In base 10, what is -385934 - -22?
-385912
In base 16, what is -5 + 316b19?
316b14
In base 14, what is -1a - -9237?
921b
In base 11, what is 17 - -22a1175?
22a1191
In base 6, what is -124504 + -45?
-124553
In base 2, what is -1010110110000010 + -111010000?
-1010111101010010
In base 8, what is 1052543454 - -6?
1052543462
In base 9, what is 83562460 + -5?
83562454
In base 13, what is -3c4 + -c5939?
-c6030
In base 8, what is 4715465 - -6?
4715473
In base 7, what is -11263065221 + 1?
-11263065220
In base 5, what is 4441344 + -120?
4441224
In base 3, what is 1 + 2201221200010?
2201221200011
In base 5, what is 122101420 + 311?
122102231
In base 15, what is 1d3ce3 - 66?
1d3c7c
In base 15, what is -2 + 3b33988?
3b33986
In base 2, what is 10101111011100101 - 111100?
10101111010101001
In base 12, what is 54561 - -9?
5456a
In base 7, what is 41 + 14530560?
14530631
In base 3, what is 10110120200110202 - -1?
10110120200110210
In base 16, what is 204bbc3 - -a?
204bbcd
In base 12, what is 26 - -367a71?
367a97
In base 15, what is 396b + -1559?
2412
In base 16, what is 2a88 - -344b?
5ed3
In base 4, what is 21231103131330 - 3?
21231103131321
In base 2, what is -101 + 1100101000101100101111011?
1100101000101100101110110
In base 4, what is 33 - 12112202201123?
-12112202201030
In base 3, what is 21110221000 - 121?
21110220102
In base 15, what is -251d77 - 1?
-251d78
In base 15, what is -145c93 + -1?
-145c94
In base 4, what is 111233 + 132013?
303312
In base 12, what is 117849 + -25?
117824
In base 8, what is -265 + 1477623?
1477336
In base 3, what is -120012120 - -2222011120?
2101222000
In base 10, what is 4292 - 2403?
1889
In base 11, what is 176350 + -201?
17614a
In base 14, what is -2 + -27a560b?
-27a560d
In base 9, what is 3 - 11136678?
-11136675
In base 3, what is 111010002110 - 1102022?
111001200011
In base 5, what is 3323 - -20042?
23420
In base 12, what is 2633649 + 0?
2633649
In base 10, what is 112 - -678177?
678289
In base 16, what is 5 - 24f25e9?
-24f25e4
In base 7, what is -533561 + 3326?
-530232
In base 11, what is 4 + a79a27?
a79a30
In base 16, what is -2c5a13e - 1?
-2c5a13f
In base 8, what is 17171215 + -2?
17171213
In base 15, what is -9c1aa + -13?
-9c1bd
In base 6, what is 2 - -24242511?
24242513
In base 14, what is -182 + 7c86?
7b04
In base 14, what is -c2 - -402d4?
40212
In base 16, what is c6daa + 1c?
c6dc6
In base 6, what is 500231 + -11303?
444524
In base 10, what is -18754 + -730?
-19484
In base 4, what is -2 - -1133321033?
1133321031
In base 16, what is -238083 + 9?
-23807a
In base 7, what is 120636331 + -10?
120636321
In base 3, what is 112012 - 220012122?
-212200110
In base 6, what is 12402501013 + -12?
12402501001
In base 6, what is 50211443 + 5?
50211452
In base 11, what is 86994 - -102?
86a96
In base 15, what is -70d67 + 3?
-70d64
In base 11, what is 5 + -48a66a0?
-48a6696
In base 11, what is 14759932 + -2?
14759930
In base 13, what is 0 - -393cb7c6?
393cb7c6
In base 2, what is -100101 + -10111001101101101101110?
-10111001101101110010011
In base 11, what is -103 - -9674?
9571
In base 4, what is 1203123 - 11302012?
-10032223
In base 13, what is 14 + -2a19a26?
-2a19a12
In base 6, what is -4003 - 34430000?
-34434003
In base 14, what is -d6a + -1b84?
-2b10
In base 15, what is c7c7 - 19c?
c62a
In base 13, what is -33bab - -3b?
-33b70
In base 2, what is 11 + -1100110111101101101100?
-1100110111101101101001
In base 4, what is 2000002233 - -1220?
2000010113
In base 10, what is -55 - 427223?
-427278
In base 7, what is -114100 - 404?
-114504
In base 6, what is -3 - -1332531420?
1332531413
In base 10, what is -3 + 445317?
445314
In base 5, what is -11401401 - -2044?
-11344302
In base 9, what is 10 + -77465843?
-77465833
In base 7, what is 1021413 - -5454?
1030200
In base 6, what is 131323030 + -221?
131322405
In base 10, what is -35308114 - 5?
-35308119
In base 14, what is -6 + 23cd1479?
23cd1473
In base 3, what is 1110222 - 11121011?
-10010012
In base 13, what is -28822aa6 + -1?
-28822aa7
In base 11, what is 883a + 355?
9094
In base 2, what is -11100001 - -11111010111001010100?
11111010110101110011
In base 2, what is 10010100010101100110010010 - 11?
10010100010101100110001111
In base 11, what is -a603996a - 0?
-a603996a
In base 3, what is 22120 - -11202202102?
11210001222
In base 11, what is 282603 - 29?
282585
In base 13, what is -b4a6836 + 0?
-b4a6836
In base 8, what is -100 - -2533247?
2533147
In base 6, what is -2 - -10013041212?
10013041210
In base 2, what is -10101101101010101 + 10001000?
-10101101011001101
In base 8, what is 312 - -27560125?
27560437
In base 11, what is 3483706a + 9?
34837078
In base 13, what is -2 - 2583b8?
-2583ba
In base 10, what is -490465 + -363?
-490828
In base 7, what is -2336040353 + -2?
-2336040355
In base 9, what is -11 + -15135437?
-15135448
In base 8, what is -151 - -7105211?
7105040
In base 4, what is 3 + 131233200300?
131233200303
In base 16, what is -c1 + 1908?
1847
In base 11, what is -5a1268 - -a?
-5a1259
In base 12, what is -a6a + -34?
-aa2
In base 6, what is -13 + 1203213123?
1203213110
In base 4, what is -1221211001012 - 3?
-1221211001021
In base 11, what is -107 + -2289747?
-2289853
In base 13, what is 689 - 2109?
-1750
In base 16, what is -238a4 - 50?
-238f4
In base 8, what is -452 + 374244?
373572
In base 11, what is 17668 + 11?
17679
In base 6, what is 121 - 2503120?
-2502555
In base 4, what is -2323131 + 2021?
-2321110
In base 8, what is -12226071 + -1?
-12226072
In base 12, what is 15ba4 - -2ba?
162a2
In base 13, what is 25b4 - -523?
2b07
In base 15, what is c129923 - 0?
c129923
In base 12, what is -32224a622 - 0?
-32224a622
In base 13, what is 5 + 4624c3a?
4624c42
In base 12, what is 23 - 190b8?
-19095
In base 15, what is -5173ba - 1?
-5173bb
In base 10, what is -625089 + 1?
-625088
In base 7, what is -235 + 55116?
54551
In base 7, what is -12 + 3452001?
3451656
In base 5, what is 1 - 333343022?
-333343021
In base 15, what is 5a5c6d5 + 1?
5a5c6d6
In base 9, what is -2 + 2276841?
2276838
In base 16, what is -11c67 + -169?
-11dd0
In base 2, what is -1111100011001 + 10100101111?
-1100111101010
In base 5, what is 2320404 - -102?
2321011
In base 12, what is -11981a - a?
-119828
In base 15, what is -4 + 28e268?
28e264
In base 2, what is -11001111100 - 10110000000100?
-11001010000000
In base 13, what is 8c - -a36b?
a42a
In base 10, what is 904125 - 87?
904038
In base 13, what is a11176 - 0?
a11176
In base 10, what is 112 + 1712302?
1712414
In base 11, what is 78 + -13644a0?
-1364423
In base 5, what is -31 - -43332040441?
43332040410
In base 11, what is -80392 + 8a7?
-7a596
In base 2, what is 11110001100110010 - -110111011?
11110010011101101
In base 6, what is -122 - 1433205?
-1433331
In base 10, what is -4 - 2133048?
-2133052
In base 3, what is 21 + 1001100202201?
1001100202222
In base 10, what is -98428 - 115?
-98543
In base 8, what is 5 + 10461544?
10461551
In base 4, what is 11113312030 + 22?
11113312112
In base 4, what is 10001203 + 133300?
10201103
In base 10, what is -6 - 107703126?
-107703132
In base 13, what is 1454b23 + 70?
1454b93
In base 3, what is -21120 + 12001102020101?
12001101221211
In base 11, what is -4 + -2a76a76?
-2a76a7a
In base 12, what is -1b57b056 - 0?
-1b57b056
In base 16, what is -631ab11 + 5?
-631ab0c
In base 5, what is 0 - 3444130022?
-3444130022
In base 5, what is -122321 - -2023432?
1401111
In base 4, what is 20012 + -11303121?
-11223103
In base 5, what is 142 - -1043000020?
1043000212
In base 7, what is -63135